{"id":1011,"date":"2021-10-19T09:03:53","date_gmt":"2021-10-19T09:03:53","guid":{"rendered":"https:\/\/esfinge.mx\/inicio\/?post_type=product&#038;p=1011"},"modified":"2026-03-29T02:00:23","modified_gmt":"2026-03-29T08:00:23","slug":"la-rama","status":"publish","type":"product","link":"https:\/\/esfinge.mx\/inicio\/producto\/la-rama\/","title":{"rendered":"La rama"},"content":{"rendered":"<div class=\"caracteristicas\"><b class=\"subtitulo\">Resumen<\/b><\/div>\n<div class=\"caracteristicas\">La brevedad de los textos, la s\u00edntesis y la armon\u00eda entre textos e im\u00e1genes son algunas de las caracter\u00edsticas que hacen de esta obra algo distinto de lo que se ve com\u00fanmente en antolog\u00edas de poes\u00eda para ni\u00f1os. Los ni\u00f1os se relacionan con los textos po\u00e9ticos de una forma espont\u00e1nea y natural: no se sienten intimidados, reconocen la musicalidad de las palabras, ven claramente lo abstracto. Poseen una capacidad conceptual asombrosa.<\/div>\n","protected":false},"excerpt":{"rendered":"<p>Octavio Paz<\/p>\n","protected":false},"featured_media":1012,"comment_status":"open","ping_status":"closed","template":"","meta":[],"product_brand":[],"product_cat":[35],"product_tag":[],"class_list":{"0":"post-1011","1":"product","2":"type-product","3":"status-publish","4":"has-post-thumbnail","6":"product_cat-literatura","8":"first","9":"instock","10":"taxable","11":"shipping-taxable","12":"purchasable","13":"product-type-simple"},"_links":{"self":[{"href":"https:\/\/esfinge.mx\/inicio\/wp-json\/wp\/v2\/product\/1011","targetHints":{"allow":["GET"]}}],"collection":[{"href":"https:\/\/esfinge.mx\/inicio\/wp-json\/wp\/v2\/product"}],"about":[{"href":"https:\/\/esfinge.mx\/inicio\/wp-json\/wp\/v2\/types\/product"}],"replies":[{"embeddable":true,"href":"https:\/\/esfinge.mx\/inicio\/wp-json\/wp\/v2\/comments?post=1011"}],"wp:featuredmedia":[{"embeddable":true,"href":"https:\/\/esfinge.mx\/inicio\/wp-json\/wp\/v2\/media\/1012"}],"wp:attachment":[{"href":"https:\/\/esfinge.mx\/inicio\/wp-json\/wp\/v2\/media?parent=1011"}],"wp:term":[{"taxonomy":"product_brand","embeddable":true,"href":"https:\/\/esfinge.mx\/inicio\/wp-json\/wp\/v2\/product_brand?post=1011"},{"taxonomy":"product_cat","embeddable":true,"href":"https:\/\/esfinge.mx\/inicio\/wp-json\/wp\/v2\/product_cat?post=1011"},{"taxonomy":"product_tag","embeddable":true,"href":"https:\/\/esfinge.mx\/inicio\/wp-json\/wp\/v2\/product_tag?post=1011"}],"curies":[{"name":"wp","href":"https:\/\/api.w.org\/{rel}","templated":true}]}}