{"id":1025,"date":"2021-10-19T09:14:14","date_gmt":"2021-10-19T09:14:14","guid":{"rendered":"https:\/\/esfinge.mx\/inicio\/?post_type=product&#038;p=1025"},"modified":"2026-03-29T02:00:23","modified_gmt":"2026-03-29T08:00:23","slug":"mitos-cuentos-y-leyendas-de-latinoamerica-y-el-caribe","status":"publish","type":"product","link":"https:\/\/esfinge.mx\/inicio\/producto\/mitos-cuentos-y-leyendas-de-latinoamerica-y-el-caribe\/","title":{"rendered":"Mitos, cuentos y leyendas de Latinoam\u00e9rica y el Caribe"},"content":{"rendered":"<div class=\"caracteristicas\"><b class=\"subtitulo\">Resumen<\/b><\/div>\n<div class=\"caracteristicas\">Una antolog\u00eda que re\u00fane diez relatos de la tradici\u00f3n oral latinoamericana. Son historias de car\u00e1cter an\u00f3nimo que han sido preservadas y enriquecidas por la voz del pueblo. Cada relato viene precedido por un peque\u00f1o texto que explica su origen y ofrece informaci\u00f3n sobre el autor de la versi\u00f3n que se presenta.<\/div>\n","protected":false},"excerpt":{"rendered":"<p>Varios autores<\/p>\n","protected":false},"featured_media":1026,"comment_status":"open","ping_status":"closed","template":"","meta":[],"product_brand":[],"product_cat":[35],"product_tag":[],"class_list":{"0":"post-1025","1":"product","2":"type-product","3":"status-publish","4":"has-post-thumbnail","6":"product_cat-literatura","8":"first","9":"instock","10":"taxable","11":"shipping-taxable","12":"purchasable","13":"product-type-simple"},"_links":{"self":[{"href":"https:\/\/esfinge.mx\/inicio\/wp-json\/wp\/v2\/product\/1025","targetHints":{"allow":["GET"]}}],"collection":[{"href":"https:\/\/esfinge.mx\/inicio\/wp-json\/wp\/v2\/product"}],"about":[{"href":"https:\/\/esfinge.mx\/inicio\/wp-json\/wp\/v2\/types\/product"}],"replies":[{"embeddable":true,"href":"https:\/\/esfinge.mx\/inicio\/wp-json\/wp\/v2\/comments?post=1025"}],"wp:featuredmedia":[{"embeddable":true,"href":"https:\/\/esfinge.mx\/inicio\/wp-json\/wp\/v2\/media\/1026"}],"wp:attachment":[{"href":"https:\/\/esfinge.mx\/inicio\/wp-json\/wp\/v2\/media?parent=1025"}],"wp:term":[{"taxonomy":"product_brand","embeddable":true,"href":"https:\/\/esfinge.mx\/inicio\/wp-json\/wp\/v2\/product_brand?post=1025"},{"taxonomy":"product_cat","embeddable":true,"href":"https:\/\/esfinge.mx\/inicio\/wp-json\/wp\/v2\/product_cat?post=1025"},{"taxonomy":"product_tag","embeddable":true,"href":"https:\/\/esfinge.mx\/inicio\/wp-json\/wp\/v2\/product_tag?post=1025"}],"curies":[{"name":"wp","href":"https:\/\/api.w.org\/{rel}","templated":true}]}}