{"id":1443,"date":"2022-07-28T21:01:24","date_gmt":"2022-07-28T21:01:24","guid":{"rendered":"https:\/\/esfinge.mx\/inicio\/?post_type=product&#038;p=1443"},"modified":"2026-03-29T02:00:16","modified_gmt":"2026-03-29T08:00:16","slug":"historia-de-mexico-1-2","status":"publish","type":"product","link":"https:\/\/esfinge.mx\/inicio\/producto\/historia-de-mexico-1-2\/","title":{"rendered":"Historia de M\u00e9xico 1"},"content":{"rendered":"","protected":false},"excerpt":{"rendered":"<p><span aria-labelledby=\"value\"><span class=\"objectBox objectBox-string\">Ruiz Gonz\u00e1lez Arminda, Sol\u00eds Winkler Ernesto, y Escudero Mart\u00ednez C\u00e9sar Fernando<\/span><\/span><\/p>\n","protected":false},"featured_media":1444,"comment_status":"open","ping_status":"closed","template":"","meta":[],"product_brand":[],"product_cat":[21],"product_tag":[],"class_list":{"0":"post-1443","1":"product","2":"type-product","3":"status-publish","4":"has-post-thumbnail","6":"product_cat-media-superior","8":"first","9":"instock","10":"taxable","11":"shipping-taxable","12":"purchasable","13":"product-type-simple"},"_links":{"self":[{"href":"https:\/\/esfinge.mx\/inicio\/wp-json\/wp\/v2\/product\/1443","targetHints":{"allow":["GET"]}}],"collection":[{"href":"https:\/\/esfinge.mx\/inicio\/wp-json\/wp\/v2\/product"}],"about":[{"href":"https:\/\/esfinge.mx\/inicio\/wp-json\/wp\/v2\/types\/product"}],"replies":[{"embeddable":true,"href":"https:\/\/esfinge.mx\/inicio\/wp-json\/wp\/v2\/comments?post=1443"}],"wp:featuredmedia":[{"embeddable":true,"href":"https:\/\/esfinge.mx\/inicio\/wp-json\/wp\/v2\/media\/1444"}],"wp:attachment":[{"href":"https:\/\/esfinge.mx\/inicio\/wp-json\/wp\/v2\/media?parent=1443"}],"wp:term":[{"taxonomy":"product_brand","embeddable":true,"href":"https:\/\/esfinge.mx\/inicio\/wp-json\/wp\/v2\/product_brand?post=1443"},{"taxonomy":"product_cat","embeddable":true,"href":"https:\/\/esfinge.mx\/inicio\/wp-json\/wp\/v2\/product_cat?post=1443"},{"taxonomy":"product_tag","embeddable":true,"href":"https:\/\/esfinge.mx\/inicio\/wp-json\/wp\/v2\/product_tag?post=1443"}],"curies":[{"name":"wp","href":"https:\/\/api.w.org\/{rel}","templated":true}]}}