{"id":1625,"date":"2023-02-16T16:18:39","date_gmt":"2023-02-16T16:18:39","guid":{"rendered":"https:\/\/esfinge.mx\/inicio\/?post_type=product&#038;p=1625"},"modified":"2026-03-29T02:00:31","modified_gmt":"2026-03-29T08:00:31","slug":"realiza-2","status":"publish","type":"product","link":"https:\/\/esfinge.mx\/inicio\/producto\/realiza-2\/","title":{"rendered":"Realiza 2"},"content":{"rendered":"<p>Descripci\u00f3n<\/p>\n<p>Dise\u00f1ado a partir de los principios de la NEM.<\/p>\n<p>Actividades que promueven el desarrollo de las dimensiones y habilidades centradas en la educaci\u00f3n socioemocional.<\/p>\n<p>Promueve la formaci\u00f3n integral.<\/p>\n<p>Secuencias did\u00e1cticas vinculadas con los ejes articuladores: Inclusi\u00f3n, Igualdad de g\u00e9nero, Vida saludable e Interculturalidad cr\u00edtica.<\/p>\n","protected":false},"excerpt":{"rendered":"<p>Isaac Burguette Franco<\/p>\n<p>Alejandro Calder\u00f3n L\u00f3pez<\/p>\n","protected":false},"featured_media":1626,"comment_status":"open","ping_status":"closed","template":"","meta":[],"product_brand":[],"product_cat":[15,21],"product_tag":[],"class_list":{"0":"post-1625","1":"product","2":"type-product","3":"status-publish","4":"has-post-thumbnail","6":"product_cat-novedades2023","7":"product_cat-media-superior","9":"first","10":"instock","11":"taxable","12":"shipping-taxable","13":"purchasable","14":"product-type-simple"},"_links":{"self":[{"href":"https:\/\/esfinge.mx\/inicio\/wp-json\/wp\/v2\/product\/1625","targetHints":{"allow":["GET"]}}],"collection":[{"href":"https:\/\/esfinge.mx\/inicio\/wp-json\/wp\/v2\/product"}],"about":[{"href":"https:\/\/esfinge.mx\/inicio\/wp-json\/wp\/v2\/types\/product"}],"replies":[{"embeddable":true,"href":"https:\/\/esfinge.mx\/inicio\/wp-json\/wp\/v2\/comments?post=1625"}],"wp:featuredmedia":[{"embeddable":true,"href":"https:\/\/esfinge.mx\/inicio\/wp-json\/wp\/v2\/media\/1626"}],"wp:attachment":[{"href":"https:\/\/esfinge.mx\/inicio\/wp-json\/wp\/v2\/media?parent=1625"}],"wp:term":[{"taxonomy":"product_brand","embeddable":true,"href":"https:\/\/esfinge.mx\/inicio\/wp-json\/wp\/v2\/product_brand?post=1625"},{"taxonomy":"product_cat","embeddable":true,"href":"https:\/\/esfinge.mx\/inicio\/wp-json\/wp\/v2\/product_cat?post=1625"},{"taxonomy":"product_tag","embeddable":true,"href":"https:\/\/esfinge.mx\/inicio\/wp-json\/wp\/v2\/product_tag?post=1625"}],"curies":[{"name":"wp","href":"https:\/\/api.w.org\/{rel}","templated":true}]}}