{"id":1694,"date":"2023-03-23T15:29:19","date_gmt":"2023-03-23T15:29:19","guid":{"rendered":"https:\/\/esfinge.mx\/inicio\/?post_type=product&#038;p=1694"},"modified":"2026-03-29T02:00:31","modified_gmt":"2026-03-29T08:00:31","slug":"tecnologia-1-2","status":"publish","type":"product","link":"https:\/\/esfinge.mx\/inicio\/producto\/tecnologia-1-2\/","title":{"rendered":"Tecnolog\u00eda 1"},"content":{"rendered":"<p>Cuadernos dise\u00f1ados a partir de los principios de la Nueva Escuela Mexicana.<\/p>\n<p>Organizaci\u00f3n en secuencias did\u00e1cticas.<\/p>\n<p>Sus actividades consideran un planteamiento did\u00e1ctico a partir de la intervenci\u00f3n, resoluci\u00f3n de problemas, dise\u00f1o y gesti\u00f3n.<\/p>\n<p>Desarrolla la creatividad y la imaginaci\u00f3n en la elaboraci\u00f3n de artefactos.<\/p>\n<p>Promueve el trabajo por proyectos integradores.<\/p>\n","protected":false},"excerpt":{"rendered":"<p>Cesari Domingo Rico Galeana<\/p>\n<p>Anselmo Alejandro Rex Ortega<\/p>\n","protected":false},"featured_media":1695,"comment_status":"open","ping_status":"closed","template":"","meta":[],"product_brand":[],"product_cat":[15,18],"product_tag":[],"class_list":{"0":"post-1694","1":"product","2":"type-product","3":"status-publish","4":"has-post-thumbnail","6":"product_cat-novedades2023","7":"product_cat-secundaria","9":"first","10":"instock","11":"taxable","12":"shipping-taxable","13":"purchasable","14":"product-type-simple"},"_links":{"self":[{"href":"https:\/\/esfinge.mx\/inicio\/wp-json\/wp\/v2\/product\/1694","targetHints":{"allow":["GET"]}}],"collection":[{"href":"https:\/\/esfinge.mx\/inicio\/wp-json\/wp\/v2\/product"}],"about":[{"href":"https:\/\/esfinge.mx\/inicio\/wp-json\/wp\/v2\/types\/product"}],"replies":[{"embeddable":true,"href":"https:\/\/esfinge.mx\/inicio\/wp-json\/wp\/v2\/comments?post=1694"}],"wp:featuredmedia":[{"embeddable":true,"href":"https:\/\/esfinge.mx\/inicio\/wp-json\/wp\/v2\/media\/1695"}],"wp:attachment":[{"href":"https:\/\/esfinge.mx\/inicio\/wp-json\/wp\/v2\/media?parent=1694"}],"wp:term":[{"taxonomy":"product_brand","embeddable":true,"href":"https:\/\/esfinge.mx\/inicio\/wp-json\/wp\/v2\/product_brand?post=1694"},{"taxonomy":"product_cat","embeddable":true,"href":"https:\/\/esfinge.mx\/inicio\/wp-json\/wp\/v2\/product_cat?post=1694"},{"taxonomy":"product_tag","embeddable":true,"href":"https:\/\/esfinge.mx\/inicio\/wp-json\/wp\/v2\/product_tag?post=1694"}],"curies":[{"name":"wp","href":"https:\/\/api.w.org\/{rel}","templated":true}]}}