{"id":1922,"date":"2023-08-18T15:07:20","date_gmt":"2023-08-18T15:07:20","guid":{"rendered":"https:\/\/esfinge.mx\/inicio\/?post_type=product&#038;p=1922"},"modified":"2026-03-29T02:00:15","modified_gmt":"2026-03-29T08:00:15","slug":"humanidades-1-serie-trayectos","status":"publish","type":"product","link":"https:\/\/esfinge.mx\/inicio\/producto\/humanidades-1-serie-trayectos\/","title":{"rendered":"Humanidades 1. Serie Trayectos"},"content":{"rendered":"<p>El libro del \u00c1rea de conocimiento Humanidades incluye nociones disciplinares, propias de la filosof\u00eda y la literatura, con los objetivos de generar efectos en su experiencia personal y en la experiencia colectiva, presentes y futuras, y participar en la transformaci\u00f3n de la sociedad. En el caso de la filosof\u00eda se usan las disciplinas de l\u00f3gica, \u00e9tica, est\u00e9tica, teor\u00eda del conocimiento, filosof\u00eda pol\u00edtica, e historia de la filosof\u00eda para responder la pregunta: \u00bfqu\u00e9 significa transformarse a s\u00ed misma\/o para transformar la sociedad?<\/p>\n<p>&nbsp;<\/p>\n<p>Contenido<\/p>\n<p>&nbsp;<\/p>\n<p>\u2022 Trabaja las 12 Progresiones de aprendizaje (PDA) indicadas para el \u00c1rea de conocimiento de Humanidades en el nuevo Marco Curricular de la Educaci\u00f3n Media Superior (MCCEMS).<\/p>\n<p>&nbsp;<\/p>\n<p>\u2022 Incluye temas generales y espec\u00edficos vinculados directamente con cada PDA de Humanidades, primer semestre.<\/p>\n<p>&nbsp;<\/p>\n<p>\u2022 Se trabajan todos los Principios de la Nueva Escuela Mexicana (NEM) de manera transversal en las actividades y las explicaciones de los temas.<\/p>\n","protected":false},"excerpt":{"rendered":"<p>Guadalupe Ledesma Dur\u00e1n<\/p>\n<p><a href=\"https:\/\/esfinge.mx\/recursos\/Serie_Trayectos\/Humanidades\/\"><br \/>\n<button>Muestra<\/button><br \/>\n<\/a><\/p>\n","protected":false},"featured_media":1802,"comment_status":"open","ping_status":"closed","template":"","meta":[],"product_brand":[],"product_cat":[15,21],"product_tag":[],"class_list":{"0":"post-1922","1":"product","2":"type-product","3":"status-publish","4":"has-post-thumbnail","6":"product_cat-novedades2023","7":"product_cat-media-superior","9":"first","10":"instock","11":"taxable","12":"shipping-taxable","13":"purchasable","14":"product-type-simple"},"_links":{"self":[{"href":"https:\/\/esfinge.mx\/inicio\/wp-json\/wp\/v2\/product\/1922","targetHints":{"allow":["GET"]}}],"collection":[{"href":"https:\/\/esfinge.mx\/inicio\/wp-json\/wp\/v2\/product"}],"about":[{"href":"https:\/\/esfinge.mx\/inicio\/wp-json\/wp\/v2\/types\/product"}],"replies":[{"embeddable":true,"href":"https:\/\/esfinge.mx\/inicio\/wp-json\/wp\/v2\/comments?post=1922"}],"wp:featuredmedia":[{"embeddable":true,"href":"https:\/\/esfinge.mx\/inicio\/wp-json\/wp\/v2\/media\/1802"}],"wp:attachment":[{"href":"https:\/\/esfinge.mx\/inicio\/wp-json\/wp\/v2\/media?parent=1922"}],"wp:term":[{"taxonomy":"product_brand","embeddable":true,"href":"https:\/\/esfinge.mx\/inicio\/wp-json\/wp\/v2\/product_brand?post=1922"},{"taxonomy":"product_cat","embeddable":true,"href":"https:\/\/esfinge.mx\/inicio\/wp-json\/wp\/v2\/product_cat?post=1922"},{"taxonomy":"product_tag","embeddable":true,"href":"https:\/\/esfinge.mx\/inicio\/wp-json\/wp\/v2\/product_tag?post=1922"}],"curies":[{"name":"wp","href":"https:\/\/api.w.org\/{rel}","templated":true}]}}