{"id":2113,"date":"2024-03-05T20:01:23","date_gmt":"2024-03-05T20:01:23","guid":{"rendered":"https:\/\/esfinge.mx\/inicio\/?post_type=product&#038;p=2113"},"modified":"2026-03-29T02:00:30","modified_gmt":"2026-03-29T08:00:30","slug":"powerful-english-2-serie-trayectos","status":"publish","type":"product","link":"https:\/\/esfinge.mx\/inicio\/producto\/powerful-english-2-serie-trayectos\/","title":{"rendered":"Powerful English 2. Serie Trayectos"},"content":{"rendered":"<p>Descripci\u00f3n<\/p>\n<p>Powerful English 2 es una propuesta basada en un enfoque socio-cognitivo y permite a los alumnus prepararse para estudiar el ingl\u00e9s como una segunda lengua. Su pr\u00e1ctica metodolog\u00eda permite a los estudiantes practicar y comprender la lengua inglesa como parte de su cotidianidad y como un recurso indispensable para la sociedad del conocimiento.<\/p>\n<p>&nbsp;<\/p>\n<p>Contenido<\/p>\n<p>\u2022 Trabaja en su totalidad las Progresiones de aprendizaje (PDA) indicadas en el Programa de estudios del Recurso Sociocognitivo de Lengua y Comunicaci\u00f3n Ingl\u00e9s II en el nuevo Marco Curricular de la Educaci\u00f3n Media Superior (MCCEMS).<\/p>\n<p>\u2022 Integra a la pr\u00e1ctica educativa el enfoque y la propuesta del MCCEMS.<\/p>\n<p>\u2022 Organizado en bimestres.<\/p>\n<p>\u2022 Incluye secciones de repaso, evaluaciones diagn\u00f3sticas, parciales y bimestrales.<\/p>\n<p>\u2022 Presenta un Laboratorio el cual propone trabajar el proyecto exhibici\u00f3n en un museo.<\/p>\n<p>\u2022 Cuenta tambi\u00e9n con audios y recursos para el docente.<\/p>\n","protected":false},"excerpt":{"rendered":"<p>Mar\u00eda de Lourdes Osornio \u00c1vila<\/p>\n<p>Ana Isabel Tinajero Ortega<\/p>\n","protected":false},"featured_media":2114,"comment_status":"open","ping_status":"closed","template":"","meta":[],"product_brand":[],"product_cat":[21,71],"product_tag":[],"class_list":{"0":"post-2113","1":"product","2":"type-product","3":"status-publish","4":"has-post-thumbnail","6":"product_cat-media-superior","7":"product_cat-novedades-2024","9":"first","10":"instock","11":"taxable","12":"shipping-taxable","13":"purchasable","14":"product-type-simple"},"_links":{"self":[{"href":"https:\/\/esfinge.mx\/inicio\/wp-json\/wp\/v2\/product\/2113","targetHints":{"allow":["GET"]}}],"collection":[{"href":"https:\/\/esfinge.mx\/inicio\/wp-json\/wp\/v2\/product"}],"about":[{"href":"https:\/\/esfinge.mx\/inicio\/wp-json\/wp\/v2\/types\/product"}],"replies":[{"embeddable":true,"href":"https:\/\/esfinge.mx\/inicio\/wp-json\/wp\/v2\/comments?post=2113"}],"wp:featuredmedia":[{"embeddable":true,"href":"https:\/\/esfinge.mx\/inicio\/wp-json\/wp\/v2\/media\/2114"}],"wp:attachment":[{"href":"https:\/\/esfinge.mx\/inicio\/wp-json\/wp\/v2\/media?parent=2113"}],"wp:term":[{"taxonomy":"product_brand","embeddable":true,"href":"https:\/\/esfinge.mx\/inicio\/wp-json\/wp\/v2\/product_brand?post=2113"},{"taxonomy":"product_cat","embeddable":true,"href":"https:\/\/esfinge.mx\/inicio\/wp-json\/wp\/v2\/product_cat?post=2113"},{"taxonomy":"product_tag","embeddable":true,"href":"https:\/\/esfinge.mx\/inicio\/wp-json\/wp\/v2\/product_tag?post=2113"}],"curies":[{"name":"wp","href":"https:\/\/api.w.org\/{rel}","templated":true}]}}