{"id":2427,"date":"2025-02-18T21:29:32","date_gmt":"2025-02-19T03:29:32","guid":{"rendered":"https:\/\/esfinge.mx\/inicio\/?post_type=product&#038;p=2427"},"modified":"2026-03-29T02:00:29","modified_gmt":"2026-03-29T08:00:29","slug":"powerful-english-4-serie-trayectos","status":"publish","type":"product","link":"https:\/\/esfinge.mx\/inicio\/producto\/powerful-english-4-serie-trayectos\/","title":{"rendered":"Powerful English 4. Serie Trayectos"},"content":{"rendered":"<p><strong>Descripci\u00f3n<\/strong><\/p>\n<p><em>Powerful English 4<\/em> ha sido dise\u00f1ado conforme loe stipulado en el programa correspondiente al Marco Curricular Com\u00fan de la Educaci\u00f3n Media Superior (MCCEMS) y apegado al Marco Com\u00fan Europero de Referencia para las lenguas (MCER). A trav\u00e9s de sus lecciones promueve el desarrollo de las habilidades del lenguaje (escuchar, hablar, leer y escribir), as\u00ed como a comprender, practicar y emplear la lengua extranjera ingl\u00e9s en contextos cercanos al estudiante.<\/p>\n<p>Cada lecci\u00f3n gu\u00eda a los estudiantes paso a paso a emplear reglas gramaticales tanto en situaciones orales como de escritura. El curso se acompa\u00f1a por audios que refuerzan la comprensi\u00f3n auditiva. Incluye el trabajo por proyectos con el prop\u00f3sito de integrar el aprendizaje y emplear lo estudiado en una situacu\u00f3n real.<\/p>\n<p><strong>Contenido<\/strong><\/p>\n<ul>\n<li>Trabaja las 16 Progresiones de aprendizaje (PDA) indicadas para el recurso sociocognitivo de Lengua y Comunicaci\u00f3n Lengua Extranjera Ingl\u00e9s IV en el nuevo Marco Curricular de la Educaci\u00f3n Media Superior (MCCEMS).<\/li>\n<li>Integra a la pr\u00e1ctica educativa el enfoque y la propuesta del MCCEMS.<\/li>\n<li>Organizado en tres bimestres.<\/li>\n<li>Incluye evaluaciones diagn\u00f3sticas, parciales y bimestrales.<\/li>\n<li>Presenta un Laboratorio el cual propone trabajar un proyecto a lo largo de los bimestres.<\/li>\n<\/ul>\n","protected":false},"excerpt":{"rendered":"<p>Noemi Venegas<\/p>\n","protected":false},"featured_media":2428,"comment_status":"open","ping_status":"closed","template":"","meta":[],"product_brand":[],"product_cat":[72,21],"product_tag":[],"class_list":{"0":"post-2427","1":"product","2":"type-product","3":"status-publish","4":"has-post-thumbnail","6":"product_cat-novedades-2025","7":"product_cat-media-superior","9":"first","10":"instock","11":"taxable","12":"shipping-taxable","13":"purchasable","14":"product-type-simple"},"_links":{"self":[{"href":"https:\/\/esfinge.mx\/inicio\/wp-json\/wp\/v2\/product\/2427","targetHints":{"allow":["GET"]}}],"collection":[{"href":"https:\/\/esfinge.mx\/inicio\/wp-json\/wp\/v2\/product"}],"about":[{"href":"https:\/\/esfinge.mx\/inicio\/wp-json\/wp\/v2\/types\/product"}],"replies":[{"embeddable":true,"href":"https:\/\/esfinge.mx\/inicio\/wp-json\/wp\/v2\/comments?post=2427"}],"wp:featuredmedia":[{"embeddable":true,"href":"https:\/\/esfinge.mx\/inicio\/wp-json\/wp\/v2\/media\/2428"}],"wp:attachment":[{"href":"https:\/\/esfinge.mx\/inicio\/wp-json\/wp\/v2\/media?parent=2427"}],"wp:term":[{"taxonomy":"product_brand","embeddable":true,"href":"https:\/\/esfinge.mx\/inicio\/wp-json\/wp\/v2\/product_brand?post=2427"},{"taxonomy":"product_cat","embeddable":true,"href":"https:\/\/esfinge.mx\/inicio\/wp-json\/wp\/v2\/product_cat?post=2427"},{"taxonomy":"product_tag","embeddable":true,"href":"https:\/\/esfinge.mx\/inicio\/wp-json\/wp\/v2\/product_tag?post=2427"}],"curies":[{"name":"wp","href":"https:\/\/api.w.org\/{rel}","templated":true}]}}