{"id":2472,"date":"2025-07-04T20:27:29","date_gmt":"2025-07-05T02:27:29","guid":{"rendered":"https:\/\/esfinge.mx\/inicio\/?post_type=product&#038;p=2472"},"modified":"2026-03-29T02:00:29","modified_gmt":"2026-03-29T08:00:29","slug":"secundaria-cuaderno-formacion-civica-y-etica-3","status":"publish","type":"product","link":"https:\/\/esfinge.mx\/inicio\/producto\/secundaria-cuaderno-formacion-civica-y-etica-3\/","title":{"rendered":"Secundaria Cuaderno Formaci\u00f3n C\u00edvica y \u00c9tica 3"},"content":{"rendered":"<p><strong>Descripci\u00f3n<\/strong><\/p>\n<ul>\n<li>Cuaderno correspondiente a Formaci\u00f3n C\u00edvica y \u00c9tica en secundaria, a partir de las PDA del Campo Formativo \u00c9tica, Naturaleza y Sociedades de la Nueva Escuela Mexicana.<\/li>\n<\/ul>\n<p><strong>Contenido<\/strong><\/p>\n<ul>\n<li>Est\u00e1 compuesto por fichas a manera de secuencia did\u00e1ctica.<\/li>\n<li>Cada una de las secuencias incluye diversas estrategias did\u00e1cticas para que los estudiantes puedan trabajar en las diferentes modalidades.<\/li>\n<li>Se favorece el desarrollo del pensamiento cr\u00edtico desde una perspectiva humanista basada en los principios de la Nueva Escuela Mexicana.<\/li>\n<li>Incluye evaluaci\u00f3n diagn\u00f3stica y evaluaciones trimestrales.<\/li>\n<li>Para el docente se incluye: Gu\u00eda del maestro y libro de consulta digital.<\/li>\n<\/ul>\n<p>&nbsp;<\/p>\n","protected":false},"excerpt":{"rendered":"<p><strong>Autora: Silvia Lourdes Conde Flores<\/strong><\/p>\n","protected":false},"featured_media":2473,"comment_status":"open","ping_status":"closed","template":"","meta":[],"product_brand":[],"product_cat":[72,18],"product_tag":[],"class_list":{"0":"post-2472","1":"product","2":"type-product","3":"status-publish","4":"has-post-thumbnail","6":"product_cat-novedades-2025","7":"product_cat-secundaria","9":"first","10":"instock","11":"taxable","12":"shipping-taxable","13":"purchasable","14":"product-type-simple"},"_links":{"self":[{"href":"https:\/\/esfinge.mx\/inicio\/wp-json\/wp\/v2\/product\/2472","targetHints":{"allow":["GET"]}}],"collection":[{"href":"https:\/\/esfinge.mx\/inicio\/wp-json\/wp\/v2\/product"}],"about":[{"href":"https:\/\/esfinge.mx\/inicio\/wp-json\/wp\/v2\/types\/product"}],"replies":[{"embeddable":true,"href":"https:\/\/esfinge.mx\/inicio\/wp-json\/wp\/v2\/comments?post=2472"}],"wp:featuredmedia":[{"embeddable":true,"href":"https:\/\/esfinge.mx\/inicio\/wp-json\/wp\/v2\/media\/2473"}],"wp:attachment":[{"href":"https:\/\/esfinge.mx\/inicio\/wp-json\/wp\/v2\/media?parent=2472"}],"wp:term":[{"taxonomy":"product_brand","embeddable":true,"href":"https:\/\/esfinge.mx\/inicio\/wp-json\/wp\/v2\/product_brand?post=2472"},{"taxonomy":"product_cat","embeddable":true,"href":"https:\/\/esfinge.mx\/inicio\/wp-json\/wp\/v2\/product_cat?post=2472"},{"taxonomy":"product_tag","embeddable":true,"href":"https:\/\/esfinge.mx\/inicio\/wp-json\/wp\/v2\/product_tag?post=2472"}],"curies":[{"name":"wp","href":"https:\/\/api.w.org\/{rel}","templated":true}]}}