{"id":2494,"date":"2025-07-04T20:52:28","date_gmt":"2025-07-05T02:52:28","guid":{"rendered":"https:\/\/esfinge.mx\/inicio\/?post_type=product&#038;p=2494"},"modified":"2026-03-29T02:00:29","modified_gmt":"2026-03-29T08:00:29","slug":"temas-selectos-de-matematicas-2","status":"publish","type":"product","link":"https:\/\/esfinge.mx\/inicio\/producto\/temas-selectos-de-matematicas-2\/","title":{"rendered":"Temas selectos de Matem\u00e1ticas 2"},"content":{"rendered":"<p><strong>Descripci\u00f3n<\/strong><\/p>\n<p>El libro <strong>Temas Selectos de Matem\u00e1ticas 2<\/strong> permite al alumnado explorar el c\u00e1lculo desde una perspectiva m\u00e1s profunda y din\u00e1mica. Esta obra inicia con el estudio de los sistemas din\u00e1micos discretos, analizando la composici\u00f3n de funciones y conceptos tales como el caos y la fractalidad. Se refuerzan conceptos clave como el Teorema Fundamental del C\u00e1lculo, el cual permitir\u00e1 comprender la integral, el c\u00e1lculo de \u00e1reas bajo curvas, as\u00ed como los fundamentos de las ecuaciones diferenciales y los m\u00e9todos num\u00e9ricos. Este libro incluye tambi\u00e9n actividades que convertir\u00e1n el aula en un laboratorio social, al promover la transversalidad entre las matem\u00e1ticas y otras UAC.<\/p>\n<p><strong>\u00a0<\/strong><\/p>\n<p><strong>Contenido<\/strong><\/p>\n<ul>\n<li>Trabaja las 7 Progresiones de aprendizaje (PDA) indicadas en el programa de estudios de la UAC del Recurso Sociocognitivo de Pensamiento Matem\u00e1tico Temas Selectos de Matem\u00e1ticas II del Marco Curricular de la Educaci\u00f3n Media Superior (MCCEMS), correspondiente al sexto semestre de bachillerato.<\/li>\n<li>Integra a la pr\u00e1ctica educativa el enfoque y la propuesta del MCCEMS.<\/li>\n<li>Organizado en bimestres.<\/li>\n<li>Al final de cada bimestre se incluye el apartado \u201cLaboratorio de proyecto\u201d con actividades organizadas por etapas para responder problem\u00e1ticas o investigar sobre temas de inter\u00e9s.<\/li>\n<li>Incluye actividades mensuales que ser\u00e1n la evidencia del aprendizaje.<\/li>\n<li>\u201cMe pongo a prueba\u201d propone evaluaciones formativas bimestrales para valorar los conocimientos y detectar el progreso.<\/li>\n<\/ul>\n<p>&nbsp;<\/p>\n","protected":false},"excerpt":{"rendered":"<p><strong>Autor: Jos\u00e9 Antonio Gayt\u00e1n Garc\u00eda<\/strong><\/p>\n","protected":false},"featured_media":2495,"comment_status":"open","ping_status":"closed","template":"","meta":[],"product_brand":[],"product_cat":[72,21],"product_tag":[],"class_list":{"0":"post-2494","1":"product","2":"type-product","3":"status-publish","4":"has-post-thumbnail","6":"product_cat-novedades-2025","7":"product_cat-media-superior","9":"first","10":"instock","11":"taxable","12":"shipping-taxable","13":"purchasable","14":"product-type-simple"},"_links":{"self":[{"href":"https:\/\/esfinge.mx\/inicio\/wp-json\/wp\/v2\/product\/2494","targetHints":{"allow":["GET"]}}],"collection":[{"href":"https:\/\/esfinge.mx\/inicio\/wp-json\/wp\/v2\/product"}],"about":[{"href":"https:\/\/esfinge.mx\/inicio\/wp-json\/wp\/v2\/types\/product"}],"replies":[{"embeddable":true,"href":"https:\/\/esfinge.mx\/inicio\/wp-json\/wp\/v2\/comments?post=2494"}],"wp:featuredmedia":[{"embeddable":true,"href":"https:\/\/esfinge.mx\/inicio\/wp-json\/wp\/v2\/media\/2495"}],"wp:attachment":[{"href":"https:\/\/esfinge.mx\/inicio\/wp-json\/wp\/v2\/media?parent=2494"}],"wp:term":[{"taxonomy":"product_brand","embeddable":true,"href":"https:\/\/esfinge.mx\/inicio\/wp-json\/wp\/v2\/product_brand?post=2494"},{"taxonomy":"product_cat","embeddable":true,"href":"https:\/\/esfinge.mx\/inicio\/wp-json\/wp\/v2\/product_cat?post=2494"},{"taxonomy":"product_tag","embeddable":true,"href":"https:\/\/esfinge.mx\/inicio\/wp-json\/wp\/v2\/product_tag?post=2494"}],"curies":[{"name":"wp","href":"https:\/\/api.w.org\/{rel}","templated":true}]}}