{"id":2687,"date":"2026-01-28T19:58:39","date_gmt":"2026-01-29T01:58:39","guid":{"rendered":"https:\/\/esfinge.mx\/inicio\/?post_type=product&#038;p=2687"},"modified":"2026-03-29T02:00:14","modified_gmt":"2026-03-29T08:00:14","slug":"ejercicios-ortograficos-3","status":"publish","type":"product","link":"https:\/\/esfinge.mx\/inicio\/producto\/ejercicios-ortograficos-3\/","title":{"rendered":"Ejercicios ortogr\u00e1ficos"},"content":{"rendered":"<p>Esta obra es un \u00fatil y necesario manual de trabajo para reforzar el conocimiento de los usuarios de la lengua espa\u00f1ola en su presentaci\u00f3n escrita y coadyuva en el incremento del vocabulario, conocimiento que contribuye al enriquecimiento de nuestras comunicaciones.<\/p>\n<p><em>Ejercicios ortogr\u00e1ficos<\/em> es una obra de referencia para todo tipo de usuario que busca mejorar su ortograf\u00eda y as\u00ed, poder comunicarse eficazmente, plasmando en sus textos, como unidad superior de comunicaci\u00f3n, una forma de expresi\u00f3n correcta y comprensible.<\/p>\n<p>A lo largo de los 29 cap\u00edtulos que conforman esta obra, los usuarios podr\u00e1n, de manera inductiva, analizar y practicar los principios ortogr\u00e1ficos que les permitir\u00e1n escribir correctamente.<\/p>\n<p><em>Ejercicios ortogr\u00e1ficos<\/em> considera las ediciones normativas, apreciativas o reflexivas de la Real Academia Espa\u00f1ola y de la Asociaci\u00f3n de Academias de la Lengua Espa\u00f1ola, conservando no solo los valores de su autor, sino incorporando las renovaciones puntuales de una edici\u00f3n cuidadosamente revisada.<\/p>\n<p>Es importante resaltar que, como aportaci\u00f3n para esta edici\u00f3n, se ha incorporado un cap\u00edtulo que permite revisar la correcta ortograf\u00eda de palabras frecuentes en el \u00e1mbito tecnol\u00f3gico, as\u00ed como de un asistente virtual que brindar\u00e1 a los usuarios el acompa\u00f1amiento necesario en la consulta de t\u00e9rminos, brindando ejemplos adicionales y materiales que permitir\u00e1n la evaluaci\u00f3n de los avances.<\/p>\n","protected":false},"excerpt":{"rendered":"<p>Agust\u00edn Mateos Mu\u00f1oz<\/p>\n","protected":false},"featured_media":2688,"comment_status":"open","ping_status":"closed","template":"","meta":[],"product_brand":[],"product_cat":[73],"product_tag":[],"class_list":{"0":"post-2687","1":"product","2":"type-product","3":"status-publish","4":"has-post-thumbnail","6":"product_cat-novedades-2026","8":"first","9":"instock","10":"taxable","11":"shipping-taxable","12":"purchasable","13":"product-type-simple"},"_links":{"self":[{"href":"https:\/\/esfinge.mx\/inicio\/wp-json\/wp\/v2\/product\/2687","targetHints":{"allow":["GET"]}}],"collection":[{"href":"https:\/\/esfinge.mx\/inicio\/wp-json\/wp\/v2\/product"}],"about":[{"href":"https:\/\/esfinge.mx\/inicio\/wp-json\/wp\/v2\/types\/product"}],"replies":[{"embeddable":true,"href":"https:\/\/esfinge.mx\/inicio\/wp-json\/wp\/v2\/comments?post=2687"}],"wp:featuredmedia":[{"embeddable":true,"href":"https:\/\/esfinge.mx\/inicio\/wp-json\/wp\/v2\/media\/2688"}],"wp:attachment":[{"href":"https:\/\/esfinge.mx\/inicio\/wp-json\/wp\/v2\/media?parent=2687"}],"wp:term":[{"taxonomy":"product_brand","embeddable":true,"href":"https:\/\/esfinge.mx\/inicio\/wp-json\/wp\/v2\/product_brand?post=2687"},{"taxonomy":"product_cat","embeddable":true,"href":"https:\/\/esfinge.mx\/inicio\/wp-json\/wp\/v2\/product_cat?post=2687"},{"taxonomy":"product_tag","embeddable":true,"href":"https:\/\/esfinge.mx\/inicio\/wp-json\/wp\/v2\/product_tag?post=2687"}],"curies":[{"name":"wp","href":"https:\/\/api.w.org\/{rel}","templated":true}]}}