{"id":2693,"date":"2026-01-28T20:13:32","date_gmt":"2026-01-29T02:13:32","guid":{"rendered":"https:\/\/esfinge.mx\/inicio\/?post_type=product&#038;p=2693"},"modified":"2026-03-29T02:00:07","modified_gmt":"2026-03-29T08:00:07","slug":"conciencia-historica-3-la-realidad-actual-en-perspectiva-historica-serie-trayectos","status":"publish","type":"product","link":"https:\/\/esfinge.mx\/inicio\/producto\/conciencia-historica-3-la-realidad-actual-en-perspectiva-historica-serie-trayectos\/","title":{"rendered":"Conciencia Hist\u00f3rica 3. La realidad actual en perspectiva hist\u00f3rica. Serie Trayectos"},"content":{"rendered":"<p><em>Conciencia Hist\u00f3rica 3. La realidad actual en perspectiva hist\u00f3rica <\/em>es un libro en el que se consolidan los saberes, habilidades y conocimientos como recursos sociocognitivos que se aplican en todo momento en el trayecto educativo. A trav\u00e9s de sus actividades los alumnos podr\u00e1n ubicar y aplicar los contenidos fundamentales en la diversidad de contextos, problem\u00e1ticas y situaciones, siempre con la idea de que la Conciencia hist\u00f3rica sea cercana y vivencial.<\/p>\n<p>&nbsp;<\/p>\n<p><strong>Contenido<\/strong><\/p>\n<ul>\n<li>A trav\u00e9s de secuencias did\u00e1cticas se desarrollan las 10 Progresiones de aprendizaje (PDA) indicadas para el Recurso Sociocognitivo Conciencia Hist\u00f3rica III. La realidad actual en perspectiva hist\u00f3rica del Marco Curricular de la Educaci\u00f3n Media Superior (MCCEMS).<\/li>\n<li>Integra a la pr\u00e1ctica educativa el enfoque y la propuesta del MCCEMS.<\/li>\n<li>Organizado en bimestres.<\/li>\n<li>Incluye evaluaciones diagn\u00f3sticas, parciales y bimestrales.<\/li>\n<li>Presenta un Laboratorio el cual propone trabajar un proyecto a lo largo de los bimestres.<\/li>\n<\/ul>\n<p>&nbsp;<\/p>\n","protected":false},"excerpt":{"rendered":"<p>Sebasti\u00e1n Samuel Ubaldo Serratos<\/p>\n","protected":false},"featured_media":2692,"comment_status":"open","ping_status":"closed","template":"","meta":[],"product_brand":[],"product_cat":[73,21],"product_tag":[],"class_list":{"0":"post-2693","1":"product","2":"type-product","3":"status-publish","4":"has-post-thumbnail","6":"product_cat-novedades-2026","7":"product_cat-media-superior","9":"first","10":"instock","11":"taxable","12":"shipping-taxable","13":"purchasable","14":"product-type-simple"},"_links":{"self":[{"href":"https:\/\/esfinge.mx\/inicio\/wp-json\/wp\/v2\/product\/2693","targetHints":{"allow":["GET"]}}],"collection":[{"href":"https:\/\/esfinge.mx\/inicio\/wp-json\/wp\/v2\/product"}],"about":[{"href":"https:\/\/esfinge.mx\/inicio\/wp-json\/wp\/v2\/types\/product"}],"replies":[{"embeddable":true,"href":"https:\/\/esfinge.mx\/inicio\/wp-json\/wp\/v2\/comments?post=2693"}],"wp:featuredmedia":[{"embeddable":true,"href":"https:\/\/esfinge.mx\/inicio\/wp-json\/wp\/v2\/media\/2692"}],"wp:attachment":[{"href":"https:\/\/esfinge.mx\/inicio\/wp-json\/wp\/v2\/media?parent=2693"}],"wp:term":[{"taxonomy":"product_brand","embeddable":true,"href":"https:\/\/esfinge.mx\/inicio\/wp-json\/wp\/v2\/product_brand?post=2693"},{"taxonomy":"product_cat","embeddable":true,"href":"https:\/\/esfinge.mx\/inicio\/wp-json\/wp\/v2\/product_cat?post=2693"},{"taxonomy":"product_tag","embeddable":true,"href":"https:\/\/esfinge.mx\/inicio\/wp-json\/wp\/v2\/product_tag?post=2693"}],"curies":[{"name":"wp","href":"https:\/\/api.w.org\/{rel}","templated":true}]}}