{"id":292,"date":"2021-09-22T16:51:07","date_gmt":"2021-09-22T16:51:07","guid":{"rendered":"https:\/\/esfinge.mx\/inicio\/?product=metodologia-de-la-investigacion-2"},"modified":"2026-03-29T02:00:24","modified_gmt":"2026-03-29T08:00:24","slug":"metodologia-de-la-investigacion-2","status":"publish","type":"product","link":"https:\/\/esfinge.mx\/inicio\/producto\/metodologia-de-la-investigacion-2\/","title":{"rendered":"Metodolog\u00eda de la investigaci\u00f3n"},"content":{"rendered":"<section id=\"content-section-1528971561366\" class=\"astroid-section astroid-component-section py-3 py-md-5\">\n<div class=\"container\">\n<div id=\"astroid-row-1528971561366\" class=\"row astroid-row\">\n<div id=\"astroid-column-1528971561366\" class=\"astroid-column col-lg-12\">\n<div id=\"component-area-1529739248826\" class=\"astroid-component\">\n<div class=\"astroid-component-area\">\n<div id=\"hikashop_product_9786071013958_page\" class=\"hikashop_product_page hikashop_product_of_category_38 hikashop_product_of_category_30\">\n<form action=\"https:\/\/esfinge.mx\/home\/index.php\/libro\/product\/updatecart\" enctype=\"multipart\/form-data\" method=\"post\" name=\"hikashop_product_form\">\n<div id=\"hikashop_product_bottom_part\" class=\"hikashop_product_bottom_part\">\n<div id=\"hikashop_product_description_main\" class=\"hikashop_product_description_main\">\n<div class=\"caracteristicas\"><b class=\"subtitulo\">Presentaci\u00f3n<\/b><\/div>\n<div class=\"caracteristicas\">\n<p>El ser humano es curioso por naturaleza, gracias a esa curiosidad ha desarrollado la capacidad de investigar el c\u00f3mo, cu\u00e1ndo, d\u00f3nde, por qu\u00e9 y el para qu\u00e9 de la naturaleza de los objetos y seres que se encuentran a nuestro alrededor.<\/p>\n<p>La metodolog\u00eda de investigaci\u00f3n nos permite realizar una correcta investigaci\u00f3n. Tenemos en claro que ning\u00fan texto de metodolog\u00eda nos ense\u00f1a a investigar, s\u00f3lo nos muestra las normas que debemos seguir para llevarlas a cabo con argumentos s\u00f3lidos, objetivos y precisos.<\/p>\n<p>Realizar una investigaci\u00f3n depende principalmente del tema a tratar y las fuentes de donde se obtiene la informaci\u00f3n, la investigaci\u00f3n nos permitir\u00e1 expresar las ideas, opiniones y obtener mejores conocimientos de la tem\u00e1tica que se plantee, as\u00ed como proponer soluciones a problemas diversos.<\/p>\n<p>Si observamos a nuestro alrededor todo lo que utilizamos diariamente en nuestra vida cotidiana es producto de alguna manera de la investigaci\u00f3n, del desarrollo de la tecnolog\u00eda y la ciencia aplicadas en la generaci\u00f3n y creaci\u00f3n de medicamentos diversos, juguetes, ropa, alimentos, etc. Es gracias a la investigaci\u00f3n que se generan procesos industriales, se desarrollan organizaciones y sabemos c\u00f3mo es la historia de la humanidad, desde las primeras civilizaciones hasta los tiempos actuales. Asimismo, podemos conocer desde nuestra propia estructura gen\u00e9tica, mental, emocional, hasta impactar un cometa en plena trayectoria a millones de kil\u00f3metros de la Tierra, adem\u00e1s de explorar el espacio.<\/p>\n<p>La investigaci\u00f3n es \u00fatil para lograr diferentes fines como crear nuevos sistemas y productos; resolver problemas econ\u00f3micos y sociales; dise\u00f1ar soluciones, ubicar mercados, hasta evaluar si hemos hecho algo correctamente o no; esto nos permite crecer como ciudadanos y personas, pues incluso para iniciar un peque\u00f1o negocio familiar es conveniente realizar una investigaci\u00f3n de mercado.<\/p>\n<p>Nuestra sociedad necesita individuos con conocimientos, habilidades, actitudes y valores, que les permitan integrarse y desarrollarse de manera satisfactoria en el mundo social, profesional y laboral, adem\u00e1s de globalizado. Para que contribuyas en ello, es indispensable que asumas una nueva visi\u00f3n y actitud en cuanto a tu rol, es decir, de ser \u201creceptor de contenidos\u201d, ahora construir\u00e1s tu propio conocimiento a trav\u00e9s de la problematizaci\u00f3n y contextualizaci\u00f3n de los mismos, situaci\u00f3n que te permitir\u00e1: Aprender a conocer, aprender a hacer, aprender a ser y aprender a vivir juntos. \u00a1\u00a1 Est\u00e1s listo!!!<\/p>\n<p>Iniciemos la gran proeza de investigar empezando con desarrollar nuestra curiosidad innata que todos tenemos por conocer, explota esa inquietud e impulsa al gran investigador que est\u00e1 en ti y que en realidad eres.<\/p>\n<p>La autora<\/p><\/div>\n<div id=\"contenedor\">\n<div class=\"hijo\"><b class=\"subtitulo\">ISBN<br \/>\n<\/b>9786071013958<\/div>\n<div class=\"hijo\"><\/div>\n<div class=\"clear\"><\/div>\n<\/div>\n<div class=\"caracteristicas\"><b class=\"subtitulo\">Autor<\/b><\/div>\n<div class=\"caracteristicas\">Mar\u00eda Magdalena M\u00e9ndez Brito<\/div>\n<\/div>\n<p><span id=\"hikashop_product_url_main\" class=\"hikashop_product_url_main\"><\/span><\/p>\n<div id=\"hikashop_product_files_main\" class=\"hikashop_product_files_main\"><\/div>\n<\/div>\n<\/form>\n<div id=\"hikashop_submodules\" class=\"hikashop_submodules\">\n<div id=\"hikashop_module_98\" class=\"hikashop_module \">\n<div id=\"hikashop_category_information_module_98\" class=\"hikashop_category_information hikashop_products_listing_main hikashop_product_listing_2 filter_refresh_div\" data-refresh-class=\"hikashop_checkout_loading\" data-refresh-url=\"https:\/\/esfinge.mx\/home\/index.php\/libro\/product\/430-metodologia-de-la-investigacion-dgb?tmpl=raw&amp;filter=1\" data-use-url=\"1\">\n<div class=\"hikashop_checkout_loading_elem\"><\/div>\n<div class=\"hikashop_checkout_loading_spinner\"><\/div>\n<\/div>\n<\/div>\n<\/div>\n<div id=\"hikashop_external_comments\" class=\"hikashop_external_comments\"><\/div>\n<\/div>\n<\/div>\n<\/div>\n<\/div>\n<\/div>\n<\/div>\n<\/section>\n<section id=\"section-5-1529739392010\" class=\"astroid-section py-3 py-md-5\">\n<div class=\"container\">\n<div id=\"astroid-row-1529739392010\" class=\"row astroid-row\">\n<div id=\"astroid-column-1529739392010\" class=\"astroid-column col-lg-12\">\n<div id=\"position-5-1529739392010\" class=\"astroid-module-position\">\n<div class=\"moduletable \">\n<div class=\"custom\"><\/div>\n<\/div>\n<\/div>\n<\/div>\n<\/div>\n<\/div>\n<\/section>\n","protected":false},"excerpt":{"rendered":"<p>M\u00e9ndez Brito Mar\u00eda Magdalena<\/p>\n","protected":false},"featured_media":522,"comment_status":"open","ping_status":"closed","template":"","meta":[],"product_brand":[],"product_cat":[21],"product_tag":[],"class_list":{"0":"post-292","1":"product","2":"type-product","3":"status-publish","4":"has-post-thumbnail","6":"product_cat-media-superior","8":"first","9":"instock","10":"taxable","11":"shipping-taxable","12":"purchasable","13":"product-type-simple"},"_links":{"self":[{"href":"https:\/\/esfinge.mx\/inicio\/wp-json\/wp\/v2\/product\/292","targetHints":{"allow":["GET"]}}],"collection":[{"href":"https:\/\/esfinge.mx\/inicio\/wp-json\/wp\/v2\/product"}],"about":[{"href":"https:\/\/esfinge.mx\/inicio\/wp-json\/wp\/v2\/types\/product"}],"replies":[{"embeddable":true,"href":"https:\/\/esfinge.mx\/inicio\/wp-json\/wp\/v2\/comments?post=292"}],"wp:featuredmedia":[{"embeddable":true,"href":"https:\/\/esfinge.mx\/inicio\/wp-json\/wp\/v2\/media\/522"}],"wp:attachment":[{"href":"https:\/\/esfinge.mx\/inicio\/wp-json\/wp\/v2\/media?parent=292"}],"wp:term":[{"taxonomy":"product_brand","embeddable":true,"href":"https:\/\/esfinge.mx\/inicio\/wp-json\/wp\/v2\/product_brand?post=292"},{"taxonomy":"product_cat","embeddable":true,"href":"https:\/\/esfinge.mx\/inicio\/wp-json\/wp\/v2\/product_cat?post=292"},{"taxonomy":"product_tag","embeddable":true,"href":"https:\/\/esfinge.mx\/inicio\/wp-json\/wp\/v2\/product_tag?post=292"}],"curies":[{"name":"wp","href":"https:\/\/api.w.org\/{rel}","templated":true}]}}