{"id":977,"date":"2021-10-19T08:34:16","date_gmt":"2021-10-19T08:34:16","guid":{"rendered":"https:\/\/esfinge.mx\/inicio\/?post_type=product&#038;p=977"},"modified":"2026-03-29T02:00:17","modified_gmt":"2026-03-29T08:00:17","slug":"el-rey-poeta","status":"publish","type":"product","link":"https:\/\/esfinge.mx\/inicio\/producto\/el-rey-poeta\/","title":{"rendered":"El Rey Poeta"},"content":{"rendered":"<div class=\"caracteristicas\"><b class=\"subtitulo\">Resumen<\/b><\/div>\n<div class=\"caracteristicas\">Cada cap\u00edtulo inicia con un fragmento de un poema. Se presenta adem\u00e1s una selecci\u00f3n de sus poemas m\u00e1s conocidos. Es tambi\u00e9n una recopilaci\u00f3n de im\u00e1genes que rescata los temas y la iconograf\u00eda de los antiguos c\u00f3dices. Abarca lo informativo, lo literario, lo est\u00e9tico y lo divertido que tanta falta les hace a los libros de historia a los que estamos acostumbrados.<\/div>\n","protected":false},"excerpt":{"rendered":"<p>Luis Barbeytia<\/p>\n","protected":false},"featured_media":978,"comment_status":"open","ping_status":"closed","template":"","meta":[],"product_brand":[],"product_cat":[35],"product_tag":[],"class_list":{"0":"post-977","1":"product","2":"type-product","3":"status-publish","4":"has-post-thumbnail","6":"product_cat-literatura","8":"first","9":"instock","10":"taxable","11":"shipping-taxable","12":"purchasable","13":"product-type-simple"},"_links":{"self":[{"href":"https:\/\/esfinge.mx\/inicio\/wp-json\/wp\/v2\/product\/977","targetHints":{"allow":["GET"]}}],"collection":[{"href":"https:\/\/esfinge.mx\/inicio\/wp-json\/wp\/v2\/product"}],"about":[{"href":"https:\/\/esfinge.mx\/inicio\/wp-json\/wp\/v2\/types\/product"}],"replies":[{"embeddable":true,"href":"https:\/\/esfinge.mx\/inicio\/wp-json\/wp\/v2\/comments?post=977"}],"wp:featuredmedia":[{"embeddable":true,"href":"https:\/\/esfinge.mx\/inicio\/wp-json\/wp\/v2\/media\/978"}],"wp:attachment":[{"href":"https:\/\/esfinge.mx\/inicio\/wp-json\/wp\/v2\/media?parent=977"}],"wp:term":[{"taxonomy":"product_brand","embeddable":true,"href":"https:\/\/esfinge.mx\/inicio\/wp-json\/wp\/v2\/product_brand?post=977"},{"taxonomy":"product_cat","embeddable":true,"href":"https:\/\/esfinge.mx\/inicio\/wp-json\/wp\/v2\/product_cat?post=977"},{"taxonomy":"product_tag","embeddable":true,"href":"https:\/\/esfinge.mx\/inicio\/wp-json\/wp\/v2\/product_tag?post=977"}],"curies":[{"name":"wp","href":"https:\/\/api.w.org\/{rel}","templated":true}]}}