{"id":979,"date":"2021-10-19T08:36:04","date_gmt":"2021-10-19T08:36:04","guid":{"rendered":"https:\/\/esfinge.mx\/inicio\/?post_type=product&#038;p=979"},"modified":"2026-03-29T02:00:31","modified_gmt":"2026-03-29T08:00:31","slug":"poemas-con-sol-y-so","status":"publish","type":"product","link":"https:\/\/esfinge.mx\/inicio\/producto\/poemas-con-sol-y-so\/","title":{"rendered":"Poemas con Sol y Son"},"content":{"rendered":"<div class=\"caracteristicas\"><b class=\"subtitulo\">Resumen<\/b><\/div>\n<div class=\"caracteristicas\">A diferencia de lo que muchos opinan, la poes\u00eda no es un tema dif\u00edcil para los ni\u00f1os. Leer poes\u00eda, comprenderla y disfrutarla, implica sobre todo poner en marcha la imaginaci\u00f3n, y en esto los ni\u00f1os tienen ventaja. En la poes\u00eda dirigida a los peque\u00f1os lectores se expresan emociones, sentimientos y situaciones a trav\u00e9s de juegos de palabras que pueden identificar y disfrutar plenamente.<\/div>\n","protected":false},"excerpt":{"rendered":"<p>Varios autores<\/p>\n","protected":false},"featured_media":980,"comment_status":"open","ping_status":"closed","template":"","meta":[],"product_brand":[],"product_cat":[35],"product_tag":[],"class_list":{"0":"post-979","1":"product","2":"type-product","3":"status-publish","4":"has-post-thumbnail","6":"product_cat-literatura","8":"first","9":"instock","10":"taxable","11":"shipping-taxable","12":"purchasable","13":"product-type-simple"},"_links":{"self":[{"href":"https:\/\/esfinge.mx\/inicio\/wp-json\/wp\/v2\/product\/979","targetHints":{"allow":["GET"]}}],"collection":[{"href":"https:\/\/esfinge.mx\/inicio\/wp-json\/wp\/v2\/product"}],"about":[{"href":"https:\/\/esfinge.mx\/inicio\/wp-json\/wp\/v2\/types\/product"}],"replies":[{"embeddable":true,"href":"https:\/\/esfinge.mx\/inicio\/wp-json\/wp\/v2\/comments?post=979"}],"wp:featuredmedia":[{"embeddable":true,"href":"https:\/\/esfinge.mx\/inicio\/wp-json\/wp\/v2\/media\/980"}],"wp:attachment":[{"href":"https:\/\/esfinge.mx\/inicio\/wp-json\/wp\/v2\/media?parent=979"}],"wp:term":[{"taxonomy":"product_brand","embeddable":true,"href":"https:\/\/esfinge.mx\/inicio\/wp-json\/wp\/v2\/product_brand?post=979"},{"taxonomy":"product_cat","embeddable":true,"href":"https:\/\/esfinge.mx\/inicio\/wp-json\/wp\/v2\/product_cat?post=979"},{"taxonomy":"product_tag","embeddable":true,"href":"https:\/\/esfinge.mx\/inicio\/wp-json\/wp\/v2\/product_tag?post=979"}],"curies":[{"name":"wp","href":"https:\/\/api.w.org\/{rel}","templated":true}]}}