{"id":998,"date":"2021-10-19T08:53:20","date_gmt":"2021-10-19T08:53:20","guid":{"rendered":"https:\/\/esfinge.mx\/inicio\/?post_type=product&#038;p=998"},"modified":"2026-03-29T02:00:23","modified_gmt":"2026-03-29T08:00:23","slug":"lecturas-de-poesia-clasica-tomo-i","status":"publish","type":"product","link":"https:\/\/esfinge.mx\/inicio\/producto\/lecturas-de-poesia-clasica-tomo-i\/","title":{"rendered":"Lecturas de poes\u00eda cl\u00e1sica tomo I"},"content":{"rendered":"<div class=\"caracteristicas\"><b class=\"subtitulo\">Resumen<\/b><\/div>\n<div class=\"caracteristicas\">Esta obra es un compendio de poemas \u201cfundamentales\u201d. El contenido est\u00e1 organizado de manera que la lectura se torna agradable y f\u00e1cil. Se puede hacer una lectura cronol\u00f3gica, una lectura tem\u00e1tica, una lectura de g\u00e9neros o una lectura desordenada. Aunque los textos est\u00e1n presentados de forma cronol\u00f3gica, no es necesario leerlos as\u00ed, se puede abrir el libro en cualquier p\u00e1gina para disfrutarlos.<\/div>\n","protected":false},"excerpt":{"rendered":"<p>Francisco Serrano<\/p>\n","protected":false},"featured_media":999,"comment_status":"open","ping_status":"closed","template":"","meta":[],"product_brand":[],"product_cat":[35],"product_tag":[],"class_list":{"0":"post-998","1":"product","2":"type-product","3":"status-publish","4":"has-post-thumbnail","6":"product_cat-literatura","8":"first","9":"instock","10":"taxable","11":"shipping-taxable","12":"purchasable","13":"product-type-simple"},"_links":{"self":[{"href":"https:\/\/esfinge.mx\/inicio\/wp-json\/wp\/v2\/product\/998","targetHints":{"allow":["GET"]}}],"collection":[{"href":"https:\/\/esfinge.mx\/inicio\/wp-json\/wp\/v2\/product"}],"about":[{"href":"https:\/\/esfinge.mx\/inicio\/wp-json\/wp\/v2\/types\/product"}],"replies":[{"embeddable":true,"href":"https:\/\/esfinge.mx\/inicio\/wp-json\/wp\/v2\/comments?post=998"}],"wp:featuredmedia":[{"embeddable":true,"href":"https:\/\/esfinge.mx\/inicio\/wp-json\/wp\/v2\/media\/999"}],"wp:attachment":[{"href":"https:\/\/esfinge.mx\/inicio\/wp-json\/wp\/v2\/media?parent=998"}],"wp:term":[{"taxonomy":"product_brand","embeddable":true,"href":"https:\/\/esfinge.mx\/inicio\/wp-json\/wp\/v2\/product_brand?post=998"},{"taxonomy":"product_cat","embeddable":true,"href":"https:\/\/esfinge.mx\/inicio\/wp-json\/wp\/v2\/product_cat?post=998"},{"taxonomy":"product_tag","embeddable":true,"href":"https:\/\/esfinge.mx\/inicio\/wp-json\/wp\/v2\/product_tag?post=998"}],"curies":[{"name":"wp","href":"https:\/\/api.w.org\/{rel}","templated":true}]}}